6*w + 6. Calculate the highest common factor of 3 and w.
3
Suppose 5*n - 117 = -2*g, -n = -5*g - 35 - 10. What is the greatest common divisor of 175 and n?
25
Let q(t) = t + 6. Let c be q(-8). Let s be c/(-7) - 332/(-14). Calculate the highest common factor of 24 and s.
24
Let v be 1144/39 + (-4)/(-6). What is the greatest common factor of 45 and v?
15
Suppose 5*m - 118 = 162. Suppose -4*y = v + 4, -3*y = 5*v - 4*y - 43. Calculate the highest common divisor of v and m.
8
Let p(o) = 6*o + 5. Let l be p(7). Suppose 0 = -5*b + 4*s + 67, 0*s - s + l = 3*b. What is the highest common factor of b and 105?
15
Let i be (-18)/(2/(-4)*1). Let k(z) = 25*z**2 + z. Let m = 2 + -3. Let c be k(m). What is the highest common factor of c and i?
12
Let h(s) = -8*s**2 + 7*s + 14. Let a be h(-6). Let b = -200 - a. Calculate the highest common divisor of 29 and b.
29
Let r(s) = -30*s - 1. Let z be r(1). Let g(c) = -c**3 + 9*c**2 + 8*c - 2. Let x be g(10). Let q = x - z. What is the greatest common divisor of q and 72?
9
Let m = -9 + 47. What is the highest common divisor of m and 19?
19
Let u = -29 + 109. Calculate the greatest common divisor of u and 16.
16
Let h be -2 - (-27 + 1) - 0. Suppose a = 2*o - 68, -3*o + 3*a - 48 = -4*o. What is the greatest common factor of o and h?
12
Let k be 62/5 + 12/20. Calculate the highest common divisor of 13 and k.
13
Let n be (-4)/10 - (-679)/35. Let h = 13 + n. Calculate the highest common divisor of 80 and h.
16
Suppose 4*j = d + 578, 2*d - 442 = -3*j + 7*d. Let l(y) = y**2 + y - 14. Let w be l(-6). What is the highest common divisor of j and w?
16
Let g be (-2 - (-4)/5)*-20. Calculate the highest common factor of 36 and g.
12
Let u(h) = 2*h. Let m be u(1). Let t = 8 + -3. Suppose -t*n + 45 = 4*f, 5 = -5*n + 2*f + 20. What is the highest common factor of n and m?
1
Let f(g) = -41*g - 14. Let k be f(-6). What is the highest common divisor of k and 29?
29
Let y be -1 + -3 + (-24)/(-2). Let v be (y - 7)/(2/4). Suppose -5*n + 324 = 3*f, -v*f - f = -9. Calculate the greatest common divisor of 9 and n.
9
Suppose 2*v + 5*r = 51, 0*v + 4*r = 2*v - 96. What is the greatest common factor of v and 19?
19
Let c = 0 + 20. Let n be c/((-2)/(-1)) + 0. Let h be -4*(-2)/n*10. Calculate the highest common divisor of h and 40.
8
Let z(p) = -8*p - 8. Let d(n) = -17*n - 15. Let v(f) = -6*d(f) + 13*z(f). Let r be v(-11). What is the highest common factor of 32 and r?
8
Suppose -5*y = -y - 8. Suppose r = -y*r - 4*u + 54, 0 = r + 2*u - 16. Calculate the greatest common factor of r and 11.
11
Let w = -10 + 14. Let d be w/(-6) - (-224)/21. Calculate the highest common factor of 30 and d.
10
Let u = 7 + -4. Suppose u*h = -0*h + 297. Suppose 2*g = -0*g + 22. Calculate the greatest common divisor of h and g.
11
Let p = 19 + -7. Let b be (9/(-6))/((-15)/40). Calculate the greatest common factor of b and p.
4
Suppose 3*y - 432 = -0*y. What is the highest common divisor of 24 and y?
24
Let u = -1 + 16. Suppose 0 = -4*i + 8 + 4. What is the greatest common factor of i and u?
3
Let o be (-7 + 3)/(1/(-3)). Suppose -3*b + 8*k - 4 = 3*k, -4*b = 2*k - o. Let j be (-69)/(-9) + 2/6. What is the greatest common divisor of b and j?
2
Let k be 0/(2/2) + 18. Let a be (-1)/5 - 3964/(-20). What is the highest common factor of a and k?
18
Suppose 0*p + 308 = 2*p. Let n = 9 - 19. Let b = 12 - n. What is the greatest common factor of b and p?
22
Let q be 95 - (3 - 8 - -4). What is the highest common factor of q and 24?
24
Let q = -8 + -4. Let c = q + 15. What is the highest common factor of 3 and c?
3
Let a = 40 + -36. What is the highest common factor of a and 8?
4
Suppose 0*r - 174 = -2*r. Calculate the greatest common divisor of r and 29.
29
Let p(l) = -l**3 - 4*l**2 - 2*l - 2. Let r be p(-4). Suppose -2*t - 3 = 5*y - 117, 5*t = 5*y - 135. What is the highest common divisor of r and y?
6
Suppose -18*o = -23*o + 300. What is the highest common divisor of o and 12?
12
Suppose -282 = -5*d - 7*g + 4*g, 289 = 5*d - 4*g. Let b = d - 39. What is the highest common divisor of b and 72?
18
Let h(y) = y + 5. Let x(w) = w - 1. Let q(t) = h(t) + 6*x(t). Let s be q(4). What is the greatest common divisor of 3 and s?
3
Suppose -2*q - 4 = 0, 5*q + 250 = -2*w + 5*w. Suppose -2*u = 2*u - w. Suppose -8*x = -4*x - u. What is the greatest common divisor of 5 and x?
5
Let p(r) = 10*r - 4. Let m be p(4). Calculate the highest common factor of 54 and m.
18
Suppose -3*o + 25 = -4*f, 0*o - 11 = -2*o - 3*f. Let v be o*15 + (-6)/2. Let c = -11 + v. Calculate the highest common divisor of 13 and c.
13
Let r(j) be the second derivative of -j**5/2 + j**4/12 + 3*j. Let n be r(-1). What is the greatest common divisor of 11 and n?
11
Let f = -4 - -30. Calculate the greatest common factor of f and 286.
26
Let w be 1 - 9*1*-1. Suppose 15*y = 3*y + 960. What is the highest common divisor of w and y?
10
Suppose 5*d = 38 - 13. Let s(u) = u - 1 - d*u + 7. Let o be s(-5). Calculate the highest common divisor of o and 13.
13
Let o(c) = -c**3 - 6*c**2 - c - 4. Let f be o(-6). Suppose 3*l = -f*l + 40. Let b = 4 + 4. Calculate the highest common factor of b and l.
8
Let m be ((-14)/10 - -1)*10. Let z be (m/4)/((-1)/(-3)). Let s be 2/(-6) - 136/z. What is the greatest common factor of 5 and s?
5
Let k(q) = -q + 1. Suppose -7 = -5*v + 8. Let o be k(v). Let h be o - (-2 + 4/(-2)). What is the greatest common factor of h and 1?
1
Let t(h) = -5 - 7 - 7*h - 6*h - h**2. Let b be t(-9). Calculate the greatest common factor of 16 and b.
8
Suppose 3*n + 2*n = -25, 0 = 2*z + 4*n - 60. What is the highest common divisor of 8 and z?
8
Let s(t) = 3*t**2 - 2*t - 5. Let r be s(3). What is the greatest common factor of r and 80?
16
Suppose 4*x = -x - 125. Let t = 43 + x. Let c = t - 4. Calculate the highest common divisor of 7 and c.
7
Let p = 81 + -39. What is the highest common factor of p and 63?
21
Suppose 0 = -h + 1 + 59. Let c = 9 + 6. Calculate the highest common factor of h and c.
15
Let y(u) = -5*u - 93. Let t be y(-19). Let b be 4/22 + (-20)/(-11). What is the greatest common factor of b and t?
2
Suppose i - 4*i + 15 = 0. Suppose -j - 21 = -2*a, -2*a - i*j = -4*a + 17. Calculate the highest common factor of a and 55.
11
Suppose 3*k + 16 = 5*k. Let t = 0 + k. Calculate the highest common divisor of 24 and t.
8
Suppose 5*p - 25 = -0. Let t be (p/3 - 2)*-15. Let v be (-2)/((10/(-9))/t). What is the greatest common divisor of v and 99?
9
Let o be (-6)/4*(-4)/6. Let z be 75/(3/(o - -2)). Suppose 5*l = -0*l + z. What is the highest common divisor of 6 and l?
3
Suppose y + 66 = 2*y. What is the greatest common divisor of y and 6?
6
Let z(u) = -4 - 5*u - 3*u + 0*u + 2*u**2. Let i = -7 - -15. Let n be z(i). Calculate the greatest common divisor of 12 and n.
12
Suppose 4*a - 14 = -0*r - r, a = 3*r - 16. Let s = 5 + r. Suppose s - 81 = -5*l. Calculate the greatest common divisor of l and 42.
14
Let s = -21 + 24. What is the highest common divisor of s and 27?
3
Let x(n) = n - 10. Let k be x(8). Let f be 12/24 - 17/k. What is the greatest common divisor of f and 36?
9
Suppose 2*a = a + 3. Let p(y) = -y + 1 - y + y**a + 5*y**3 + 2*y**2. Let m be p(1). What is the greatest common factor of m and 7?
7
Let n(p) = -p**3 - 5*p**2 - 6*p - 2. Let r be n(-4). Let g be 0/2*3/r. Let o be -2 + (13 - (0 - g)). Calculate the highest common factor of o and 121.
11
Let l = 187 + -133. Let p = l + -26. Calculate the greatest common factor of 42 and p.
14
Suppose -63 = 3*q - 231. Let p(f) = f**3 - 12*f**2 + 11*f + 8. Let l be p(11). What is the greatest common factor of l and q?
8
Suppose 0 = 2*r + r - 36. Let m(d) = -d**3 + 2*d**2 - 1. Let h be m(2). Let k(w) = -108*w. Let s be k(h). What is the highest common factor of s and r?
12
Suppose 0 = -5*q + 335 + 105. What is the highest common divisor of 8 and q?
8
Let j be (55/10)/(2/(-12)). Let c = j - -56. Suppose -5*w + 213 = -17. Calculate the greatest common divisor of w and c.
23
Let t(b) = 6 + 1 + 5 + b. Let n be t(-9). Let z be 9/(n - 0) + 63. What is the highest common divisor of z and 6?
6
Suppose -20 = x - 2*x. What is the highest common factor of x and 5?
5
Let k be (-420)/50 - (-2)/5. Let t be 10 - k/(4/2). Calculate the highest common divisor of t and 70.
14
Let c be (-464)/(-10) - 4